).
-17
Let l(q) = q**3 + 9*q**2 + 6*q - 10. Let j = 216 + -224. Determine l(j).
6
Let p(y) = -y**3 + 5*y**2 + 3*y - 4. Let j = 80 - 79. Let t be ((-6)/12 + (4 - j))*2. What is p(t)?
11
Let x(a) be the third derivative of a**7/840 + a**6/360 - a**5/120 + 5*a**4/12 - 17*a**3/3 - 12*a**2. Let k(v) be the first derivative of x(v). Give k(0).
10
Let j(s) be the first derivative of s**4/4 + 4*s**3/3 + 3*s**2/2 - 247. What is j(-2)?
2
Let k(o) = -o**3 + 5*o**2 + 6*o - 5. Let t(p) = 19*p - 89. Let c be t(5). Determine k(c).
-5
Let p(f) = f**2 + 4*f + 1. Let z be (-34)/(-2 + 3 + -3). Suppose -10 = z*a - 12*a. Determine p(a).
-3
Let n(m) be the third derivative of m**6/120 - 7*m**5/60 + m**4/8 + m**3 - 198*m**2. Give n(5).
-29
Let z(n) = -6 + 4*n**2 + n**3 + 2 - 11*n**2 + n. Let s = -24 + 31. Let c be z(s). Let j(v) = v**3 - 2*v**2 - 5*v + 2. Determine j(c).
-4
Let c = 3238 + -3236. Let w(y) be the second derivative of -y**5/10 + y**4/12 + y**3/3 - 3*y**2/2 + y. What is w(c)?
-11
Let v(x) be the third derivative of x**6/120 - x**5/12 + x**4/12 + 7*x**3/6 - 3*x**2 - 34*x. Calculate v(5).
17
Let n(r) = -11 + 14 + 4*r**2 - 2*r**2 + 3*r. Let o be (-4)/(-14) + 32/(-14). Calculate n(o).
5
Let b(j) = j**3 - 6*j**2 + 2*j - 9. Let k(m) = -m**2 + 4*m + 10. Let u be k(5). Suppose u*f + 18 = 6*f. Suppose n - 4*n = -f. Give b(n).
3
Let t(h) = 47*h + 43. Let r be t(-1). Let w(y) = 14*y - 6. Calculate w(r).
-62
Let n(u) be the third derivative of u**5/60 - 7*u**4/24 + 6*u**2. Let i = -33 + 50. Suppose -20*q + i*q + 18 = 0. Calculate n(q).
-6
Let x(j) = j**2 + 5*j + 7. Let d be (10/4)/(5/(-10)). Let k be x(d). Let o(h) = -17*h - 7 + k + 0*h. What is o(-1)?
17
Let r(v) = -3*v**3 + 4*v**3 + 573*v - 4*v**2 + 4 - 571*v. Suppose -3*x - 3*b + 0*b = -9, -5*b = 0. What is r(x)?
1
Let t(n) = 3*n**3 - 3*n**2 - 4*n - 1. Let w = 970 - 967. Give t(w).
41
Let v(z) = 0*z + 2*z + 1 + 2. Let d(n) = 6*n + 216. Let f be d(-35). What is v(f)?
15
Let u(m) be the second derivative of m**4/12 + 5*m**3/6 - 9*m**2/2 - 17*m - 1. Give u(-8).
15
Let o(q) = -3*q**2 + 47*q - 45. Let t be o(1). Let p(z) = -z + 1. What is p(t)?
2
Let j = 77 + -75. Let g(n) = -33*n + 3 + 35*n + j. Calculate g(4).
13
Let p(z) = -6*z**2 + 187*z - 33. Let n be p(31). Let b(y) = -y**3 - 3*y**2 - 4*y - 3. Calculate b(n).
1
Let c(h) = h**3 + 7*h**2 - h - 10. Let z = -6 - -7. Let i be (-8 - -1)/(1/z). Calculate c(i).
-3
Let l(n) = 4*n - 18. Suppose 4*q - 2*u - 28 = 0, 36 = -10*q + 14*q + 2*u. Calculate l(q).
14
Let d(q) be the first derivative of -q**2/2 + 4*q - 5. What is d(-4)?
8
Let r(u) = u**2 + u + 8. Suppose 65*v - 18*v = 0. What is r(v)?
8
Let y(r) be the third derivative of -r**6/120 + r**5/15 - r**4/12 - r**3/2 + 150*r**2. Determine y(4).
-11
Let y(u) = u + 7. Let f = 400 + -412. Give y(f).
-5
Let q(d) = d**3 + 8 - 2*d**2 - 2 + 6*d + 5*d**2 + 4*d**2. Let z = -14 - -9. What is q(z)?
26
Suppose 0 = -3*y - 34 + 91. Let l = -17 + y. Suppose -3*g = -l*m - 6, g - 5 - 5 = -2*m. Let d(a) = a**3 - 5*a**2 + a + 1. Determine d(g).
-11
Let k be -7*(0 + 1) + (52 - 48). Let a(s) = -s**2 - 5*s - 3. Calculate a(k).
3
Let s(j) be the third derivative of -j**4/12 + 25*j**3/6 - 18*j**2 - j. Give s(12).
1
Let i(l) = -3*l**3 - 4*l**2 - 1. Let t(a) be the third derivative of a**6/120 + a**5/60 - 19*a**2. Let g(p) = i(p) + 2*t(p). Calculate g(-2).
-1
Let g(q) = 3*q**3 + 8*q**2 + 4*q - 15. Let f(a) = -a**3 - a + 1. Let h(z) = -4*f(z) - g(z). Give h(8).
11
Suppose -p = 2*a - 5 - 11, 0 = a - 5. Let q be p/2 + -5 + 1. Let w(y) = 9*y**2 + y. Determine w(q).
8
Let z(d) be the first derivative of 3*d**2 + 8*d + 299. Calculate z(4).
32
Let g = -2385 + 2383. Let x(t) = 4*t**2. Determine x(g).
16
Let w(f) = -f**3 - f**2 + f - 20. Let l be 6/(-33) + 6 + 320/(-55). Determine w(l).
-20
Let v(t) = t**2 - t + 7. Let o(g) = 3*g**2 - 7*g + 21. Let p(h) = 3*o(h) - 8*v(h). What is p(12)?
-5
Let z(g) = -8*g + 3. Let i(v) = -3*v + 1. Let h(x) = 4*i(x) - z(x). Determine h(1).
-3
Suppose 0 = -3*l + 6. Let a(t) = -29*t + 14. Let g(y) = -19*y + 9. Let z(b) = -5*a(b) + 8*g(b). Give z(l).
-12
Let w(b) be the second derivative of -b**3/2 - 4*b**2 + 11*b - 2. What is w(-4)?
4
Suppose 0*h = 3*h - 6. Let f(d) = d**2 - d - 1. Let s(b) = 3*b**2 - 4*b + 1. Let r(x) = 2*f(x) - s(x). Calculate r(h).
-3
Let n(p) be the first derivative of -p**3/3 + 5*p**2/2 + 5*p + 67. Suppose -12 = -3*a + 3. Calculate n(a).
5
Let g(c) = -3 + 0*c**3 - 8*c**2 - c**3 - 2 - 3*c + 13*c**2 + 0. Calculate g(4).
-1
Let l(s) = s**2 + 7*s + 8. Let h(d) = 5*d - 2. Let j be h(6). Suppose 2*y + j = -2*y. Give l(y).
8
Suppose 18*k = 16*k - 3*h + 38, -5*h = -2*k + 6. Let j(l) = l**2 - 12*l - 19. Calculate j(k).
-6
Let n(u) = 3*u**3 - u**2 - u - 16. Let k(m) = 7*m**3 - m**2 - 2*m - 36. Let r(j) = -4*k(j) + 9*n(j). Calculate r(-2).
-10
Let k be (-1 + -9)*(-82)/(-164). Let y(s) = -6*s**2 - 11*s - 7. Let h(a) = -7*a**2 - 12*a - 8. Let g(d) = 5*h(d) - 6*y(d). Give g(k).
-3
Let g(n) be the first derivative of -n**6/120 + n**5/12 + 5*n**4/12 - 4*n**3/3 - 15*n**2/2 + 1. Let c(a) be the second derivative of g(a). Calculate c(6).
16
Let l(v) be the first derivative of -2*v**2 + 18*v + 40. Determine l(0).
18
Let n(k) = -2*k**3 - 3*k**2 + k + 2. Let d be n(-2). Suppose 40 = 5*t - p + d, 2*t = 4*p. Let y(h) = -h**2 + 7*h + 4. Determine y(t).
-4
Let n(y) = -5*y + 6*y - 3*y + 0*y + 11. Let j be n(9). Let b(d) be the second derivative of d**3/6 + d**2 - d - 18. What is b(j)?
-5
Let u = 114 - 102. Suppose o - 4*f = 4 - u, 0 = -f + 1. Let s(j) be the third derivative of j**5/60 + j**4/8 + 2*j**3/3 - j**2. Calculate s(o).
8
Let c(u) = u. Suppose -5*a - 3*v = -0*v - 633, 5*a = 4*v + 661. Let z = a + -121. Determine c(z).
8
Let b(f) = 23*f - 71. Let u(l) = -7*l + 23. Let o(v) = -2*b(v) - 7*u(v). Calculate o(11).
14
Let z(p) = -p**2 - 5*p + 4. Let w = -6 - 1. Determine z(w).
-10
Let b(i) be the second derivative of 7*i**3/3 + 26*i**2 + 16*i + 2. Let k be b(-4). Let y(r) = r**3 + 5*r**2 + 4*r + 6. Calculate y(k).
6
Let m(b) = 5*b**2 - 105*b - 18. Let z(g) = -2*g**2 + 52*g + 9. Let x(v) = -4*m(v) - 9*z(v). Let d be x(-24). Let y(t) = -t**2 - 11*t - 3. Determine y(d).
15
Let i(z) be the first derivative of -z**2/2 + 76. Calculate i(-1).
1
Let u(i) be the third derivative of -i**4/24 + 4*i**3/3 + 3*i**2 - 55*i. Determine u(-7).
15
Let m(f) = -f**2 + 10*f + 6. Suppose 4*b = 4*w + 20, 0 = -b - 26*w + 28*w. Determine m(b).
6
Let u(j) = j**3 - j**2 - j. Let l be u(0). Let p be -3 + l + (0 - 3). Let w(z) = -10*z + 0*z**2 - 5*z**2 + 4*z**2 + 4*z - 7. Give w(p).
-7
Let d = -2 - -5. Suppose -u + d*u = -140. Let s be (8/(-10))/(28/u). Let q(n) = -2*n - 2. Determine q(s).
-6
Let c(s) be the third derivative of s**7/2520 + s**6/120 - s**5/40 - s**4/24 + 9*s**2. Let y(g) be the second derivative of c(g). What is y(-6)?
-3
Let k(q) = q**3 - 15*q**2 - q + 10. Let o be k(15). Let z(j) = j**2 + 5*j + 5. Calculate z(o).
5
Suppose -21*g + 94 = 10. Let a(z) = -z**3 + 4*z**2 - 4*z + 5. Calculate a(g).
-11
Let x(t) = 3*t - 13. Let s(d) = -1 + 18*d - 5*d - 11 - 40. Let f(b) = -2*s(b) + 9*x(b). Let z be 6/10 + (-18)/30. Determine f(z).
-13
Let o(h) = -4298 + 3*h + 4294 + h. Suppose -u - 2*w = -4*u + 18, 4*w + 28 = 4*u. Calculate o(u).
12
Let s = 4 - 24. Let u be ((-24)/s)/((-6)/20). Let p(a) = -4 + 3*a**2 + a**3 - 1 + 1 - 5*a. Determine p(u).
0
Let w(g) be the first derivative of g**4/4 - 2*g**3 + 11*g**2/2 - 5*g + 5. Let u be w(7). Let z(i) = -122*i**3 - 4*i + 2 + 2*i + u*i**3 - 5*i**2. What is z(-4)?
-6
Let k(x) = -9 - 3*x**2 + 7*x + 25*x**2 + 6*x**3 + 20 - 5*x**3 + 15*x. Determine k(-21).
-10
Let m(l) be the first derivative of -l**4/12 + 2*l**3/3 + l**2/2 - 30*l + 11. Let j(t) be the first derivative of m(t). What is j(4)?
1
Let c(p) = p**3 + 3*p**2 + 2*p + 6. Let i(z) = -z**3 - 2*z**2 - 2*z - 5. Let l(v) = -3*c(v) - 4*i(v). Determine l(0).
2
Let b(f) = -4*f**3 - 4*f**2 - 4*f. Let k(x) = -3*x**3 - 4*x**2 - 3*x - 1. Let n(s) = 2*b(s) - 3*k(s). Calculate n(-4).
-1
Let o = 23 - 20. Suppose -q - 2 = 4*a, -8*a + 3*a - 28 = -o*q. Let k(f) = -2*f**2 - 5*f**2 + 0*f**3 + 2 + 6*f + f**3. Calculate k(q).
2
Let j(f) = -f**3 + f**2 - 1. Let v(n) = 17*n**3 - 4*n**2 + 3. Let u = -7 - -33. Suppose -4*p - p + u = i, 4*i = 5*p - 21. Let r(c) = i*v(c) + 2*j(c). G